*2 + 3. Let h(j) = 11*j**3 - 2*j**2 - 1. Let i(c) = 5*h(c) + 2*p(c). Give i(1).
12
Let r be (-6)/4 - (-36)/8. Suppose 2*o + 13 = r*o - 4*q, 5*o = -q - 19. Let v(n) = -2*n - 2. Determine v(o).
4
Let t be (-47)/(-3) - 5/(-15). Suppose -3*v + 4*c + 6 = 0, 5*v + 6 = 3*c + t. Let h(b) = -2*b - 1. Give h(v).
-5
Suppose z - 3*u = -2 - 2, z = u. Let y(o) = o + o**2 + 0*o + 0*o**2 + 1. Determine y(z).
7
Let y(a) = -3 + 0*a**3 - 5*a**2 + 2*a**3 + 2 + 8*a - 3*a**3. Determine y(-6).
-13
Let x(f) = -f**3 - 5*f**2 + 7*f - 6. Let l(g) be the first derivative of g**4/4 - 6. Let u(m) = 2*l(m) + x(m). Let t be 5 + (2*1)/(-2). What is u(t)?
6
Let j(w) = -585*w + 587*w + 1 - 2. Give j(-8).
-17
Let w(r) = r**3 - 4*r**2 + 5*r - 3. Let d be (2 + 4)/(10/5). Determine w(d).
3
Let b(g) = 4*g**2 + 3*g**3 + 0*g**3 + 3 - 14*g**2 - 2*g**3. Let a be b(10). Let v(l) = l**3 - 4*l**2 + 3. Calculate v(a).
-6
Let v(z) be the first derivative of -z**3/3 + z**2/2 - 9*z + 3. Give v(0).
-9
Let p be 1/(-3) - 80/(-15). Suppose 3*i = -5*x + 7, -11 = -3*x + p*i - 0*i. Suppose 0 = -f - x*d - 1, 2 = -5*f + 6*f - d. Let m(u) = -5*u. Determine m(f).
-5
Let c(k) be the third derivative of -k**5/60 + k**4/12 + k**3/2 - k**2. Suppose -105 = -56*f + 21*f. What is c(f)?
0
Let v be (-9)/(-2) + (-21 - -19). Let m(d) be the second derivative of -d - 1/20*d**5 + 0 - 1/6*d**3 + 1/12*d**4 - v*d**2. Give m(0).
-5
Let j(y) = -9*y - 1. Let l = 92 - 93. Give j(l).
8
Let n(r) = -2 - 7*r + r**2 - 5 + 3. Calculate n(5).
-14
Let i be 2/(-6) + (-28)/(-12). Let h(k) = i*k - 1 - 2 - 4*k + 1. Give h(-4).
6
Let w(z) = -z**2 - 5*z. Let d = -4 - -4. Suppose -u + 3*q = d, -u - u = 2*q - 16. Let v = -11 + u. Determine w(v).
0
Let o(n) be the second derivative of -n**4 - n**3/3 - n**2/2 - 58*n. Let w be (-2 - -2) + 4/1. Suppose -h - 5 = w*h. What is o(h)?
-11
Let u(c) = c**2 + 5*c - 1. Let h be 0*3/(-6) + 4. Suppose 32 = 4*n - 5*j, -3*j - 16 = 2*n - h*n. Let w be (n/4)/((-1)/2). What is u(w)?
-5
Let l(i) = i**2 + 8*i - 2. Suppose 5*f + 4*x + 30 = -8, -4*x = f + 14. Calculate l(f).
-14
Let t = 39 - 28. Suppose t = -4*n - 1. Let a(u) = 5 - 1 + 0*u**2 - u**2. What is a(n)?
-5
Let o be 6/8 + 21/(-12). Let t(f) = -26*f**2 - f. Determine t(o).
-25
Let m(w) = 2*w**2 - w. Let h be m(-1). Suppose p = h*p - 2. Let f(l) = l**2 - 1. Calculate f(p).
0
Suppose -x - 6 = -4*x. Let z be ((-2)/6)/(x/(-12)). Let k(r) = 2*r + 2*r + r**3 - z - 1 - 4*r**2. What is k(3)?
0
Let n = -23 - -25. Let s be -5 + -2*n/4. Let b(q) = q**2 - 8*q - 7. Let z(p) = -3*p**2 + 16*p + 13. Let r(u) = -5*b(u) - 2*z(u). Calculate r(s).
-3
Let c(o) be the first derivative of 4/3*o**3 + 1/2*o**2 - 2*o - 2 + 1/4*o**4. Give c(-3).
4
Let c(k) = -k**3 - k + 7. Suppose 3*v - 2*v - 3 = 0. Suppose 0 = 4*d - 2*f + 2, 3*d + v = 5*f - 2. Determine c(d).
7
Let j(k) = -2*k**2 + 3*k + 3. Let h(p) = p**2 - 6*p + 3. Let z be h(6). Let l be j(z). Let w(t) = -t + 6. Calculate w(l).
12
Let z(a) = 5 - 4*a**2 + 4*a + 0*a**2 + 3*a**2. Suppose 0 = -5*n - 3*k + 8, 3*n - 3 = k - 1. Let v(d) = 3*d**2 + d. Let s be v(n). Calculate z(s).
5
Let s(p) = -p - 1 - 2 + 0*p. Suppose -5*z - 104 = 4*b, 3*b = -b + 5*z - 64. Let t be ((-15)/9)/((-7)/b). Determine s(t).
2
Let n(i) = -i**3 + 6*i**2 - 3*i - 6. Let f be n(5). Let o(z) = 4 + 2 + z**2 - f*z**2 + 4*z - z**3. Suppose 0*v + 4*v = 4*u + 24, u = -3*v + 2. Determine o(u).
6
Suppose 5*h - 5 = -5*d, h - 4*d = -2*h + 10. Let s(g) = 4*g**2 - 3*g - 1. Let p(c) = 5*c**2 - 3*c - 2. Let f(z) = -3*p(z) + 4*s(z). Calculate f(h).
0
Let a(f) = f + 9. Let g be a(-6). Let h(s) be the third derivative of 0 + 1/120*s**6 + 0*s**4 + 1/2*s**3 + 2*s**2 - 1/20*s**5 + 0*s. What is h(g)?
3
Let j(l) = 13*l - 7 - 8*l - 12*l - l**2 - 4*l. What is j(-5)?
23
Suppose z + 15 = -2*z. Let r(l) = -l**3 - 4*l**2 + 3*l - 6. Determine r(z).
4
Let x(j) = j + 1. Let h be (-72)/(-42) + 2/7. Suppose 5*c - 2*w = -5, -c - 4*w + h = 3. Let a be ((-1)/c)/(-1 - 0). Calculate x(a).
0
Let s(b) = b - 8. Let v be s(4). Let q(y) = -y**2 - 6*y - 6. Let k be q(v). Let r(d) = -4 + 6 - 3 + 2*d - d**2. Determine r(k).
-1
Let l(d) = d**2 + 6*d. Let w be l(-6). Let x(m) = -6*m - m + w*m + 4*m. What is x(-3)?
9
Let o(d) = d**3 + 3*d**2 + d. Let i = -3 - -1. Let r be o(i). Let c(m) = -m**2 + m - 6. Let z(q) = -4*q**2 + 4*q - 24. Let h(y) = r*z(y) - 9*c(y). Give h(0).
6
Let q(x) be the second derivative of 0*x**4 + 2/3*x**3 + 1/40*x**5 + 0*x**2 + x - 1/360*x**6 + 0. Let n(b) be the second derivative of q(b). Calculate n(4).
-4
Let j(n) = -n**2 + n - 1. Let h(c) = c**3 + 4*c**2 - 3*c + 14. Let p(y) = h(y) + 4*j(y). Let w = -1 - -4. Let q be (-1)/(-3) + (-1)/w. Give p(q).
10
Suppose -2*i + 10 = 4*r, -8 = 2*r - 4*r + 2*i. Let w = r - -3. Let v = w - 4. Let a(h) = -h**2 + 6*h - 3. Determine a(v).
5
Let b be (0 + -1)/((-1)/5). Let n(p) = -p**3 + 5*p**2 - 5. Determine n(b).
-5
Suppose -m = -2*g - 4, 4*m - 7 - 9 = 4*g. Suppose g = -j - n - 2*n + 5, -2*n + 8 = 3*j. Let u(f) = f**3 + 0*f**j - 4 + 2*f**2 - 4*f**2. What is u(3)?
5
Let z(j) be the third derivative of j**5/30 + j**4/12 - j**3/6 - 5*j**2. Calculate z(-2).
3
Suppose 6*g + 8 = 4*g + 4*a, g - 5*a = -13. Let b(z) = -19*z**3 - 3*z + 4*z - g + z**2 + 20*z**3. What is b(0)?
-2
Let x(h) = h**2 + 6*h + 6. Suppose f - 12 = -3*f. Suppose f*o = 4*o. Let u be o + 0 - 12/3. What is x(u)?
-2
Let a(s) be the third derivative of -s**4/24 + s**3/3 + 9*s**2. Determine a(4).
-2
Suppose -4*q + u = -5, -2*q - u = -0*u - 7. Let o(y) = -10 - 2*y - 5*y**2 + 11 + 4*y**2 + 2*y**2. Give o(q).
1
Let h(o) = -o**2 + 4*o - 3. Let t(d) = 10*d**3 + 1. Let r be t(1). Suppose 0 = 5*b - l - 17, 5*b - l = 2*l + r. Give h(b).
-3
Let o(m) be the first derivative of 0*m**3 + m - m**2 + 1 + 13/4*m**4. Determine o(1).
12
Let o(x) = 109*x + 4 + 8 - 108*x. What is o(-9)?
3
Let d(n) = n**3 + n. Let u(f) be the second derivative of f**5/4 - f**4/4 + 4*f**3/3 + f**2 - 10*f. Let h(v) = 6*d(v) - u(v). Determine h(-3).
4
Suppose 15 + 20 = 5*v. Let h(l) = -6*l + 7 + 3 - v*l + l**2. Let k be h(12). Let q(b) = b**3 + 2. What is q(k)?
-6
Let v(z) = -z + 2. Let u be v(2). Let q(s) = 0 + 2*s**2 + u*s**2 + 2. Determine q(-2).
10
Suppose 5*g - 20 = 5*n, -9 = g + 5*n - 1. Let p(o) = -o. Let l = 8 - 11. Let r(t) = -t**2 + 2*t + 2. Let m(u) = l*p(u) - r(u). Determine m(g).
4
Let l(t) = -t**2 + t. Let m(q) = -9*q**2 + 5*q + 1. Let z(v) = -3*l(v) + m(v). Determine z(-1).
-7
Let h(x) = -15*x**3 + 21*x**2 + x - 2. Let b(k) = -7*k**3 + 10*k**2 + k - 1. Let j(u) = 13*b(u) - 6*h(u). Give j(5).
9
Let n(p) = p. Let r(a) be the third derivative of a**5/60 + a**4/24 - a**3/3 - 3*a**2. Let t be r(2). What is n(t)?
4
Let h = 31 + -28. Let p(q) = -7*q - 3. Let x(b) = -6*b - 2. Let g(o) = 3*p(o) - 4*x(o). What is g(h)?
8
Let n(k) = -23*k + 11*k + 13*k - 20. What is n(15)?
-5
Suppose 0 = 2*s - 4*s - 4. Let k(b) = b**2 - 13*b - 6. Let v(n) = -6*n - 3. Let q(h) = -2*k(h) + 5*v(h). Determine q(s).
-3
Let v(s) be the first derivative of -s**2/2 - 27. Determine v(0).
0
Let f(b) be the third derivative of b**4/24 + 2*b**3/3 - 14*b**2. What is f(-5)?
-1
Suppose 2*p = -4 + 12. Suppose p*n - 2*v + 3 - 7 = 0, v + 3 = 3*n. Let k(c) = 9*c**2 + 2*c - 1. Determine k(n).
10
Let h(i) = i**3 + 3*i**2 + 3. Let p be (1 + -3)*(-12)/(-8). Determine h(p).
3
Let g(p) be the second derivative of p**4/12 - 5*p**3/6 - 4*p**2 - 8*p. Determine g(7).
6
Let n(t) = 2*t**2 - 3*t + 3. Let f be 7/3 - 14/42. Give n(f).
5
Suppose -5*o + 5*f + 65 = 0, o - 3 = -f - 0. Let s(x) = o*x + 2 - 5 + 2 + 5*x. Determine s(-1).
-14
Let y(u) be the second derivative of u**3/6 + u**2/2 + 30*u. What is y(-10)?
-9
Let l(d) = 71*d - d**3 - d**2 + 62*d - 132*d - 7. What is l(0)?
-7
Suppose -4*d + 4 = 3*o, 0 = -4*d + 3*d - 2*o - 4. Suppose -5*z + 14 = -4*z. Let a(c) = -z - c + 11 - 3*c + 9. What is a(d)?
-10
Suppose -9*l + 3*l = -36. Let f(k) = -k**3 + 6*k**2 + k - 6. What is f(l)?
0
Let m = 3 + -3. Let v(l) = 3 + l - 1 + 0 - l**3. What is v(m)?
2
Let p(a) = -2*a + 21. Let h(k) = -k + 11. Let j(s) = -5*h(s) + 3*p(s). Suppose 0*o + 5*i = -2*o + 37, 4*o = 4*i + 4. Determine j(o).
2
Let c be 2/(-9) + (-47)/(-9). Let k = -3 + c. Let p(z) = 3*z**2 - 3 + 5*z - k*z**2 + 5. Calculate p(-3).
-4
Let c(u) = -u - 4. Let n be ((-2)/3)/((-5)/270). Suppose 0*a - 4 = -a, 4*k - 3*a + n = 0. Let